{"id":96,"date":"2024-09-25T20:13:39","date_gmt":"2024-09-25T20:13:39","guid":{"rendered":"http:\/\/uudetsivut.kehonhuoltopiste.fi\/?page_id=96"},"modified":"2024-09-25T20:14:10","modified_gmt":"2024-09-25T20:14:10","slug":"jalkaterapia","status":"publish","type":"page","link":"https:\/\/uudetsivut.kehonhuoltopiste.fi\/?page_id=96","title":{"rendered":"Jalkaterapia"},"content":{"rendered":"<p>Yleinen liikkumiskyky ja alaraajojen toiminta ovat jalkaterapeuttien osaamisaluetta. Tuki- ja liikuntaelinsairaudet sek\u00e4 erilaiset alaraajojen kiputilat kuuluvat asiantuntijan osaamiseen. Jalkaterapian palveluissa arvioidaan alaraajojen toimintaa, k\u00e4vely\u00e4 sek\u00e4 lihasten- ja nivelten toimintoja. Erilaisia rakenteellisia poikkeamia, toiminnan poikkeamia ja kuormitusongelmia pyrit\u00e4\u00e4n ennaltaehk\u00e4isem\u00e4\u00e4n sek\u00e4 hoitamaan jalkaterapian keinoin. N\u00e4it\u00e4 voivat esimerkiksi olla vaivasenluu, jalkater\u00e4n kiputila kuten plantaarifascioosi, polven sek\u00e4 alaraajan erilaiset h\u00e4iri\u00f6t.&nbsp;<\/p><p>Jalkaterapian ensik\u00e4ynti on 60 minuuttia, jossa laaditaan yksil\u00f6llinen hoitotavoite ja suunnitellaan hoidon eteneminen. Toiminnalliseen jalkaterapiaan kuuluu haastattelu, yksil\u00f6llisesti r\u00e4\u00e4t\u00e4l\u00f6idyt alaraajatutkimukset, terapeuttinen harjoitusohjelma, hieronta, mobilisaatio sek\u00e4 omahoito- ohjeiden laatiminen. Jalkaterapeutti toimii my\u00f6s jalkineiden asiantuntijana ja tarvittaessa h\u00e4nelt\u00e4 saa kinesioteippauksen.&nbsp;<\/p><p>Jalkaterapia sopii kaikenik\u00e4isille, joilla esiintyy alaraajoissa ongelmia. Jalkahoidot eiv\u00e4t kuulu meill\u00e4 palveluun, mutta asiantuntijamme ohjaa hoidon tarpeessa olevia eteenp\u00e4in.&nbsp;<\/p><div class=\"wp-block-media-text has-media-on-the-right is-stacked-on-mobile\" style=\"grid-template-columns:auto 44%\"><div class=\"wp-block-media-text__content\"><p><em>Jalkojen terveydell\u00e4 on suuri merkitys koko kehon hyvinvoinnille. Tanssinopettajanakin toimiva jalkaterapeuttimme Satu Rapo auttaa sinua kaikissa jalkoihisi liittyviss\u00e4 toiminnallisissa ongelmissa. <\/em> <\/p><\/div><figure class=\"wp-block-media-text__media\"><img loading=\"lazy\" decoding=\"async\" width=\"380\" height=\"481\" src=\"http:\/\/uudetsivut.kehonhuoltopiste.fi\/wp-content\/uploads\/2024\/09\/Satu-yhteystiedot-1.jpeg\" alt=\"\" class=\"wp-image-97 size-full\" srcset=\"https:\/\/uudetsivut.kehonhuoltopiste.fi\/wp-content\/uploads\/2024\/09\/Satu-yhteystiedot-1.jpeg 380w, https:\/\/uudetsivut.kehonhuoltopiste.fi\/wp-content\/uploads\/2024\/09\/Satu-yhteystiedot-1-237x300.jpeg 237w\" sizes=\"(max-width: 380px) 100vw, 380px\" \/><\/figure><\/div>","protected":false},"excerpt":{"rendered":"<p>Yleinen liikkumiskyky ja alaraajojen toiminta ovat jalkaterapeuttien osaamisaluetta. Tuki- ja liikuntaelinsairaudet sek\u00e4 erilaiset alaraajojen kiputilat kuuluvat asiantuntijan osaamiseen. Jalkaterapian palveluissa arvioidaan alaraajojen toimintaa, k\u00e4vely\u00e4 sek\u00e4 lihasten- ja nivelten toimintoja. Erilaisia rakenteellisia poikkeamia, toiminnan poikkeamia ja kuormitusongelmia pyrit\u00e4\u00e4n ennaltaehk\u00e4isem\u00e4\u00e4n sek\u00e4 hoitamaan jalkaterapian keinoin. N\u00e4it\u00e4 voivat esimerkiksi olla vaivasenluu, jalkater\u00e4n kiputila kuten plantaarifascioosi, polven sek\u00e4 alaraajan erilaiset<br \/><a class=\"btn btn-tislider blog-readmore\" href=\"https:\/\/uudetsivut.kehonhuoltopiste.fi\/?page_id=96\">Read More<\/a><\/p>\n","protected":false},"author":1,"featured_media":0,"parent":18,"menu_order":0,"comment_status":"closed","ping_status":"closed","template":"","meta":{"footnotes":""},"class_list":["post-96","page","type-page","status-publish","hentry"],"yoast_head":"<!-- This site is optimized with the Yoast SEO plugin v25.6 - https:\/\/yoast.com\/wordpress\/plugins\/seo\/ -->\n<title>Jalkaterapia - Kehonhuoltopiste Fixme<\/title>\n<meta name=\"robots\" content=\"index, follow, max-snippet:-1, max-image-preview:large, max-video-preview:-1\" \/>\n<link rel=\"canonical\" href=\"https:\/\/uudetsivut.kehonhuoltopiste.fi\/?page_id=96\" \/>\n<meta property=\"og:locale\" content=\"fi_FI\" \/>\n<meta property=\"og:type\" content=\"article\" \/>\n<meta property=\"og:title\" content=\"Jalkaterapia - Kehonhuoltopiste Fixme\" \/>\n<meta property=\"og:description\" content=\"Yleinen liikkumiskyky ja alaraajojen toiminta ovat jalkaterapeuttien osaamisaluetta. Tuki- ja liikuntaelinsairaudet sek\u00e4 erilaiset alaraajojen kiputilat kuuluvat asiantuntijan osaamiseen. Jalkaterapian palveluissa arvioidaan alaraajojen toimintaa, k\u00e4vely\u00e4 sek\u00e4 lihasten- ja nivelten toimintoja. Erilaisia rakenteellisia poikkeamia, toiminnan poikkeamia ja kuormitusongelmia pyrit\u00e4\u00e4n ennaltaehk\u00e4isem\u00e4\u00e4n sek\u00e4 hoitamaan jalkaterapian keinoin. N\u00e4it\u00e4 voivat esimerkiksi olla vaivasenluu, jalkater\u00e4n kiputila kuten plantaarifascioosi, polven sek\u00e4 alaraajan erilaisetRead More\" \/>\n<meta property=\"og:url\" content=\"https:\/\/uudetsivut.kehonhuoltopiste.fi\/?page_id=96\" \/>\n<meta property=\"og:site_name\" content=\"Kehonhuoltopiste Fixme\" \/>\n<meta property=\"article:publisher\" content=\"https:\/\/www.facebook.com\/kehonhuoltopiste\/\" \/>\n<meta property=\"article:modified_time\" content=\"2024-09-25T20:14:10+00:00\" \/>\n<meta property=\"og:image\" content=\"http:\/\/uudetsivut.kehonhuoltopiste.fi\/wp-content\/uploads\/2024\/09\/Satu-yhteystiedot-1.jpeg\" \/>\n<meta name=\"twitter:card\" content=\"summary_large_image\" \/>\n<meta name=\"twitter:label1\" content=\"Arvioitu lukuaika\" \/>\n\t<meta name=\"twitter:data1\" content=\"1 minuutti\" \/>\n<script type=\"application\/ld+json\" class=\"yoast-schema-graph\">{\"@context\":\"https:\/\/schema.org\",\"@graph\":[{\"@type\":\"WebPage\",\"@id\":\"https:\/\/uudetsivut.kehonhuoltopiste.fi\/?page_id=96\",\"url\":\"https:\/\/uudetsivut.kehonhuoltopiste.fi\/?page_id=96\",\"name\":\"Jalkaterapia - Kehonhuoltopiste Fixme\",\"isPartOf\":{\"@id\":\"https:\/\/uudetsivut.kehonhuoltopiste.fi\/#website\"},\"primaryImageOfPage\":{\"@id\":\"https:\/\/uudetsivut.kehonhuoltopiste.fi\/?page_id=96#primaryimage\"},\"image\":{\"@id\":\"https:\/\/uudetsivut.kehonhuoltopiste.fi\/?page_id=96#primaryimage\"},\"thumbnailUrl\":\"http:\/\/uudetsivut.kehonhuoltopiste.fi\/wp-content\/uploads\/2024\/09\/Satu-yhteystiedot-1.jpeg\",\"datePublished\":\"2024-09-25T20:13:39+00:00\",\"dateModified\":\"2024-09-25T20:14:10+00:00\",\"breadcrumb\":{\"@id\":\"https:\/\/uudetsivut.kehonhuoltopiste.fi\/?page_id=96#breadcrumb\"},\"inLanguage\":\"fi\",\"potentialAction\":[{\"@type\":\"ReadAction\",\"target\":[\"https:\/\/uudetsivut.kehonhuoltopiste.fi\/?page_id=96\"]}]},{\"@type\":\"ImageObject\",\"inLanguage\":\"fi\",\"@id\":\"https:\/\/uudetsivut.kehonhuoltopiste.fi\/?page_id=96#primaryimage\",\"url\":\"https:\/\/uudetsivut.kehonhuoltopiste.fi\/wp-content\/uploads\/2024\/09\/Satu-yhteystiedot-1.jpeg\",\"contentUrl\":\"https:\/\/uudetsivut.kehonhuoltopiste.fi\/wp-content\/uploads\/2024\/09\/Satu-yhteystiedot-1.jpeg\",\"width\":380,\"height\":481,\"caption\":\"Satu Rapo, Jalkaterapeutti\"},{\"@type\":\"BreadcrumbList\",\"@id\":\"https:\/\/uudetsivut.kehonhuoltopiste.fi\/?page_id=96#breadcrumb\",\"itemListElement\":[{\"@type\":\"ListItem\",\"position\":1,\"name\":\"Etusivu\",\"item\":\"https:\/\/uudetsivut.kehonhuoltopiste.fi\/\"},{\"@type\":\"ListItem\",\"position\":2,\"name\":\"Palvelut\",\"item\":\"https:\/\/uudetsivut.kehonhuoltopiste.fi\/?page_id=18\"},{\"@type\":\"ListItem\",\"position\":3,\"name\":\"Jalkaterapia\"}]},{\"@type\":\"WebSite\",\"@id\":\"https:\/\/uudetsivut.kehonhuoltopiste.fi\/#website\",\"url\":\"https:\/\/uudetsivut.kehonhuoltopiste.fi\/\",\"name\":\"Kehonhuoltopiste Fixme\",\"description\":\"Hieronta, osteopatia, jalkaterapia, purentalihasten hoito\",\"publisher\":{\"@id\":\"https:\/\/uudetsivut.kehonhuoltopiste.fi\/#organization\"},\"potentialAction\":[{\"@type\":\"SearchAction\",\"target\":{\"@type\":\"EntryPoint\",\"urlTemplate\":\"https:\/\/uudetsivut.kehonhuoltopiste.fi\/?s={search_term_string}\"},\"query-input\":{\"@type\":\"PropertyValueSpecification\",\"valueRequired\":true,\"valueName\":\"search_term_string\"}}],\"inLanguage\":\"fi\"},{\"@type\":\"Organization\",\"@id\":\"https:\/\/uudetsivut.kehonhuoltopiste.fi\/#organization\",\"name\":\"Kehonhuoltopiste Fixme\",\"url\":\"https:\/\/uudetsivut.kehonhuoltopiste.fi\/\",\"logo\":{\"@type\":\"ImageObject\",\"inLanguage\":\"fi\",\"@id\":\"https:\/\/uudetsivut.kehonhuoltopiste.fi\/#\/schema\/logo\/image\/\",\"url\":\"https:\/\/uudetsivut.kehonhuoltopiste.fi\/wp-content\/uploads\/2024\/09\/Fixme_tummaharmaa_valkoinen-e1559033632965.png\",\"contentUrl\":\"https:\/\/uudetsivut.kehonhuoltopiste.fi\/wp-content\/uploads\/2024\/09\/Fixme_tummaharmaa_valkoinen-e1559033632965.png\",\"width\":150,\"height\":150,\"caption\":\"Kehonhuoltopiste Fixme\"},\"image\":{\"@id\":\"https:\/\/uudetsivut.kehonhuoltopiste.fi\/#\/schema\/logo\/image\/\"},\"sameAs\":[\"https:\/\/www.facebook.com\/kehonhuoltopiste\/\",\"https:\/\/www.instagram.com\/kehonhuoltopistefixme\/\"]}]}<\/script>\n<!-- \/ Yoast SEO plugin. -->","yoast_head_json":{"title":"Jalkaterapia - Kehonhuoltopiste Fixme","robots":{"index":"index","follow":"follow","max-snippet":"max-snippet:-1","max-image-preview":"max-image-preview:large","max-video-preview":"max-video-preview:-1"},"canonical":"https:\/\/uudetsivut.kehonhuoltopiste.fi\/?page_id=96","og_locale":"fi_FI","og_type":"article","og_title":"Jalkaterapia - Kehonhuoltopiste Fixme","og_description":"Yleinen liikkumiskyky ja alaraajojen toiminta ovat jalkaterapeuttien osaamisaluetta. Tuki- ja liikuntaelinsairaudet sek\u00e4 erilaiset alaraajojen kiputilat kuuluvat asiantuntijan osaamiseen. Jalkaterapian palveluissa arvioidaan alaraajojen toimintaa, k\u00e4vely\u00e4 sek\u00e4 lihasten- ja nivelten toimintoja. Erilaisia rakenteellisia poikkeamia, toiminnan poikkeamia ja kuormitusongelmia pyrit\u00e4\u00e4n ennaltaehk\u00e4isem\u00e4\u00e4n sek\u00e4 hoitamaan jalkaterapian keinoin. N\u00e4it\u00e4 voivat esimerkiksi olla vaivasenluu, jalkater\u00e4n kiputila kuten plantaarifascioosi, polven sek\u00e4 alaraajan erilaisetRead More","og_url":"https:\/\/uudetsivut.kehonhuoltopiste.fi\/?page_id=96","og_site_name":"Kehonhuoltopiste Fixme","article_publisher":"https:\/\/www.facebook.com\/kehonhuoltopiste\/","article_modified_time":"2024-09-25T20:14:10+00:00","og_image":[{"url":"http:\/\/uudetsivut.kehonhuoltopiste.fi\/wp-content\/uploads\/2024\/09\/Satu-yhteystiedot-1.jpeg","type":"","width":"","height":""}],"twitter_card":"summary_large_image","twitter_misc":{"Arvioitu lukuaika":"1 minuutti"},"schema":{"@context":"https:\/\/schema.org","@graph":[{"@type":"WebPage","@id":"https:\/\/uudetsivut.kehonhuoltopiste.fi\/?page_id=96","url":"https:\/\/uudetsivut.kehonhuoltopiste.fi\/?page_id=96","name":"Jalkaterapia - Kehonhuoltopiste Fixme","isPartOf":{"@id":"https:\/\/uudetsivut.kehonhuoltopiste.fi\/#website"},"primaryImageOfPage":{"@id":"https:\/\/uudetsivut.kehonhuoltopiste.fi\/?page_id=96#primaryimage"},"image":{"@id":"https:\/\/uudetsivut.kehonhuoltopiste.fi\/?page_id=96#primaryimage"},"thumbnailUrl":"http:\/\/uudetsivut.kehonhuoltopiste.fi\/wp-content\/uploads\/2024\/09\/Satu-yhteystiedot-1.jpeg","datePublished":"2024-09-25T20:13:39+00:00","dateModified":"2024-09-25T20:14:10+00:00","breadcrumb":{"@id":"https:\/\/uudetsivut.kehonhuoltopiste.fi\/?page_id=96#breadcrumb"},"inLanguage":"fi","potentialAction":[{"@type":"ReadAction","target":["https:\/\/uudetsivut.kehonhuoltopiste.fi\/?page_id=96"]}]},{"@type":"ImageObject","inLanguage":"fi","@id":"https:\/\/uudetsivut.kehonhuoltopiste.fi\/?page_id=96#primaryimage","url":"https:\/\/uudetsivut.kehonhuoltopiste.fi\/wp-content\/uploads\/2024\/09\/Satu-yhteystiedot-1.jpeg","contentUrl":"https:\/\/uudetsivut.kehonhuoltopiste.fi\/wp-content\/uploads\/2024\/09\/Satu-yhteystiedot-1.jpeg","width":380,"height":481,"caption":"Satu Rapo, Jalkaterapeutti"},{"@type":"BreadcrumbList","@id":"https:\/\/uudetsivut.kehonhuoltopiste.fi\/?page_id=96#breadcrumb","itemListElement":[{"@type":"ListItem","position":1,"name":"Etusivu","item":"https:\/\/uudetsivut.kehonhuoltopiste.fi\/"},{"@type":"ListItem","position":2,"name":"Palvelut","item":"https:\/\/uudetsivut.kehonhuoltopiste.fi\/?page_id=18"},{"@type":"ListItem","position":3,"name":"Jalkaterapia"}]},{"@type":"WebSite","@id":"https:\/\/uudetsivut.kehonhuoltopiste.fi\/#website","url":"https:\/\/uudetsivut.kehonhuoltopiste.fi\/","name":"Kehonhuoltopiste Fixme","description":"Hieronta, osteopatia, jalkaterapia, purentalihasten hoito","publisher":{"@id":"https:\/\/uudetsivut.kehonhuoltopiste.fi\/#organization"},"potentialAction":[{"@type":"SearchAction","target":{"@type":"EntryPoint","urlTemplate":"https:\/\/uudetsivut.kehonhuoltopiste.fi\/?s={search_term_string}"},"query-input":{"@type":"PropertyValueSpecification","valueRequired":true,"valueName":"search_term_string"}}],"inLanguage":"fi"},{"@type":"Organization","@id":"https:\/\/uudetsivut.kehonhuoltopiste.fi\/#organization","name":"Kehonhuoltopiste Fixme","url":"https:\/\/uudetsivut.kehonhuoltopiste.fi\/","logo":{"@type":"ImageObject","inLanguage":"fi","@id":"https:\/\/uudetsivut.kehonhuoltopiste.fi\/#\/schema\/logo\/image\/","url":"https:\/\/uudetsivut.kehonhuoltopiste.fi\/wp-content\/uploads\/2024\/09\/Fixme_tummaharmaa_valkoinen-e1559033632965.png","contentUrl":"https:\/\/uudetsivut.kehonhuoltopiste.fi\/wp-content\/uploads\/2024\/09\/Fixme_tummaharmaa_valkoinen-e1559033632965.png","width":150,"height":150,"caption":"Kehonhuoltopiste Fixme"},"image":{"@id":"https:\/\/uudetsivut.kehonhuoltopiste.fi\/#\/schema\/logo\/image\/"},"sameAs":["https:\/\/www.facebook.com\/kehonhuoltopiste\/","https:\/\/www.instagram.com\/kehonhuoltopistefixme\/"]}]}},"_links":{"self":[{"href":"https:\/\/uudetsivut.kehonhuoltopiste.fi\/index.php?rest_route=\/wp\/v2\/pages\/96"}],"collection":[{"href":"https:\/\/uudetsivut.kehonhuoltopiste.fi\/index.php?rest_route=\/wp\/v2\/pages"}],"about":[{"href":"https:\/\/uudetsivut.kehonhuoltopiste.fi\/index.php?rest_route=\/wp\/v2\/types\/page"}],"author":[{"embeddable":true,"href":"https:\/\/uudetsivut.kehonhuoltopiste.fi\/index.php?rest_route=\/wp\/v2\/users\/1"}],"replies":[{"embeddable":true,"href":"https:\/\/uudetsivut.kehonhuoltopiste.fi\/index.php?rest_route=%2Fwp%2Fv2%2Fcomments&post=96"}],"version-history":[{"count":2,"href":"https:\/\/uudetsivut.kehonhuoltopiste.fi\/index.php?rest_route=\/wp\/v2\/pages\/96\/revisions"}],"predecessor-version":[{"id":99,"href":"https:\/\/uudetsivut.kehonhuoltopiste.fi\/index.php?rest_route=\/wp\/v2\/pages\/96\/revisions\/99"}],"up":[{"embeddable":true,"href":"https:\/\/uudetsivut.kehonhuoltopiste.fi\/index.php?rest_route=\/wp\/v2\/pages\/18"}],"wp:attachment":[{"href":"https:\/\/uudetsivut.kehonhuoltopiste.fi\/index.php?rest_route=%2Fwp%2Fv2%2Fmedia&parent=96"}],"curies":[{"name":"wp","href":"https:\/\/api.w.org\/{rel}","templated":true}]}}