{"id":212,"date":"2024-09-27T20:47:51","date_gmt":"2024-09-27T20:47:51","guid":{"rendered":"https:\/\/uudetsivut.kehonhuoltopiste.fi\/?page_id=212"},"modified":"2024-09-27T20:51:31","modified_gmt":"2024-09-27T20:51:31","slug":"yhteystiedot-2","status":"publish","type":"page","link":"https:\/\/uudetsivut.kehonhuoltopiste.fi\/?page_id=212","title":{"rendered":"Yhteystiedot"},"content":{"rendered":"<h2 class=\"wp-block-heading\">Kehonhuoltopiste Fixme<\/h2><div class=\"wp-block-group is-vertical is-layout-flex wp-container-core-group-is-layout-1 wp-block-group-is-layout-flex\"><p>Emalitehtaankatu 7 D LH 6-7, 04410 J\u00e4rvenp\u00e4\u00e4<\/p>\n\n<p>Y-tunnus: 2833908-1<\/p>\n\n<p>p. 0409649947<\/p>\n\n<p>info(@)kehonhuoltopiste.fi<\/p><\/div><div style=\"height:100px\" aria-hidden=\"true\" class=\"wp-block-spacer\"><\/div><h2 class=\"wp-block-heading\">Henkil\u00f6kunta<\/h2><div class=\"wp-block-columns is-layout-flex wp-container-core-columns-is-layout-1 wp-block-columns-is-layout-flex\"><div class=\"wp-block-column is-layout-flow wp-block-column-is-layout-flow\"><\/div>\n\n<div class=\"wp-block-column is-layout-flow wp-block-column-is-layout-flow\"><\/div>\n\n<div class=\"wp-block-column is-layout-flow wp-block-column-is-layout-flow\"><\/div><\/div><div class=\"wp-block-columns is-layout-flex wp-container-core-columns-is-layout-2 wp-block-columns-is-layout-flex\"><div class=\"wp-block-column is-layout-flow wp-block-column-is-layout-flow\"><h2 class=\"wp-block-heading\"><a href=\"https:\/\/uudetsivut.kehonhuoltopiste.fi\/?page_id=118\" data-type=\"page\" data-id=\"118\">Taija Durante<\/a><\/h2>\n\n<div class=\"wp-block-group is-vertical is-layout-flex wp-container-core-group-is-layout-2 wp-block-group-is-layout-flex\"><p>Koulutettu hieroja<\/p>\n\n<p>p. 0409749947<\/p>\n\n<p>taija(@)kehonhuoltopiste.fi<\/p><\/div><\/div>\n\n<div class=\"wp-block-column is-layout-flow wp-block-column-is-layout-flow\"><h2 class=\"wp-block-heading\"><a href=\"https:\/\/uudetsivut.kehonhuoltopiste.fi\/?page_id=125\" data-type=\"page\" data-id=\"125\">Marita Salminen<\/a><\/h2>\n\n<div class=\"wp-block-group is-vertical is-layout-flex wp-container-core-group-is-layout-3 wp-block-group-is-layout-flex\"><p>Osteopaatti<\/p>\n\n<p>p. 0440604466<\/p>\n\n<p>marita(@)kehonhuoltopiste.fi<\/p><\/div><\/div><\/div><div class=\"wp-block-columns is-layout-flex wp-container-core-columns-is-layout-3 wp-block-columns-is-layout-flex\"><div class=\"wp-block-column is-layout-flow wp-block-column-is-layout-flow\"><h2 class=\"wp-block-heading\"><a href=\"https:\/\/uudetsivut.kehonhuoltopiste.fi\/?page_id=120\" data-type=\"page\" data-id=\"120\">Maarit T\u00f6lli<\/a><\/h2>\n\n<div class=\"wp-block-group is-vertical is-layout-flex wp-container-core-group-is-layout-4 wp-block-group-is-layout-flex\"><p>Koulutettu hieroja<\/p>\n\n<p>p. 0505019977<\/p>\n\n<p>maarit(@)kehonhuoltopiste.fi<\/p><\/div><\/div>\n\n<div class=\"wp-block-column is-layout-flow wp-block-column-is-layout-flow\"><h2 class=\"wp-block-heading\"><a href=\"https:\/\/uudetsivut.kehonhuoltopiste.fi\/?page_id=127\" data-type=\"page\" data-id=\"127\">Satu Rapo<\/a><\/h2>\n\n<div class=\"wp-block-group is-vertical is-layout-flex wp-container-core-group-is-layout-5 wp-block-group-is-layout-flex\"><p>Jalkaterapeutti<\/p>\n\n<p>p. 0405521176<\/p>\n\n<p>satu(@)kehonhuoltopiste.fi<\/p><\/div><\/div><\/div><div class=\"wp-block-columns is-layout-flex wp-container-core-columns-is-layout-4 wp-block-columns-is-layout-flex\"><div class=\"wp-block-column is-layout-flow wp-block-column-is-layout-flow\"><h2 class=\"wp-block-heading\"><a href=\"https:\/\/uudetsivut.kehonhuoltopiste.fi\/?page_id=123\" data-type=\"page\" data-id=\"123\">Harri H\u00e4m\u00e4l\u00e4inen<\/a><\/h2>\n\n<div class=\"wp-block-group is-vertical is-layout-flex wp-container-core-group-is-layout-6 wp-block-group-is-layout-flex\"><p>Koulutettu hieroja<\/p>\n\n<p>p. 0503712726<\/p>\n\n<p>harri(@)kehonhuoltopiste.fi<\/p><\/div><\/div>\n\n<div class=\"wp-block-column is-layout-flow wp-block-column-is-layout-flow\"><\/div><\/div><div class=\"wp-block-columns is-layout-flex wp-container-core-columns-is-layout-5 wp-block-columns-is-layout-flex\"><div class=\"wp-block-column is-layout-flow wp-block-column-is-layout-flow\"><\/div>\n\n<div class=\"wp-block-column is-layout-flow wp-block-column-is-layout-flow\"><\/div>\n\n<div class=\"wp-block-column is-layout-flow wp-block-column-is-layout-flow\"><\/div><\/div><h2 class=\"wp-block-heading\">Saapuminen<\/h2><p>Hoitolamme sis\u00e4\u00e4nk\u00e4ynti on katutasossa Myllytien puolella kauppakeskus Aallopin parkkihallia vastap\u00e4\u00e4t\u00e4. Taloyhti\u00f6mme omalla parkkipaikalla (sis\u00e4\u00e4najo Emalitehtaankadulta) on useimmiten vapaita 2h:n parkkiruutuja ja l\u00e4hist\u00f6ll\u00e4 on useita isoja maksuttomia parkkialueita. J\u00e4rvenp\u00e4\u00e4n juna-asema on my\u00f6s aivan vieress\u00e4. Sis\u00e4\u00e4nk\u00e4yntimme on esteet\u00f6n. <\/p><iframe src=\"https:\/\/www.google.com\/maps\/embed?pb=!1m18!1m12!1m3!1d1966.1295607594757!2d25.086958977164304!3d60.47608897518985!2m3!1f0!2f0!3f0!3m2!1i1024!2i768!4f13.1!3m3!1m2!1s0x468e00672a947b29%3A0x12cda4b201ef06b3!2sKehonhuoltopiste%20Fixme!5e0!3m2!1sen!2sfi!4v1727469913247!5m2!1sen!2sfi\" width=\"600\" height=\"450\" style=\"border:0;\" allowfullscreen=\"\" loading=\"lazy\" referrerpolicy=\"no-referrer-when-downgrade\"><\/iframe><div style=\"height:100px\" aria-hidden=\"true\" class=\"wp-block-spacer\"><\/div><h2 class=\"wp-block-heading\">Aukioloajat<\/h2><p>Olemme avoinna asiakasvarausten mukaisesti arkisin klo 7-20 v\u00e4lill\u00e4 ja satunnaisesti my\u00f6s viikonloppuisin. Mik\u00e4li haluat tulla k\u00e4ym\u00e4\u00e4n paikan p\u00e4\u00e4ll\u00e4 ilman varausta, niin ota yhteytt\u00e4 varmistaaksesi, ett\u00e4 meist\u00e4 on joku paikalla. <\/p>","protected":false},"excerpt":{"rendered":"<p>Kehonhuoltopiste Fixme Emalitehtaankatu 7 D LH 6-7, 04410 J\u00e4rvenp\u00e4\u00e4 Y-tunnus: 2833908-1 p. 0409649947 info(@)kehonhuoltopiste.fi Henkil\u00f6kunta Taija Durante Koulutettu hieroja p. 0409749947 taija(@)kehonhuoltopiste.fi Marita Salminen Osteopaatti p. 0440604466 marita(@)kehonhuoltopiste.fi Maarit T\u00f6lli Koulutettu hieroja p. 0505019977 maarit(@)kehonhuoltopiste.fi Satu Rapo Jalkaterapeutti p. 0405521176 satu(@)kehonhuoltopiste.fi Harri H\u00e4m\u00e4l\u00e4inen Koulutettu hieroja p. 0503712726 harri(@)kehonhuoltopiste.fi Saapuminen Hoitolamme sis\u00e4\u00e4nk\u00e4ynti on katutasossa Myllytien puolella<br \/><a class=\"btn btn-tislider blog-readmore\" href=\"https:\/\/uudetsivut.kehonhuoltopiste.fi\/?page_id=212\">Read More<\/a><\/p>\n","protected":false},"author":1,"featured_media":0,"parent":0,"menu_order":0,"comment_status":"closed","ping_status":"closed","template":"","meta":{"footnotes":""},"class_list":["post-212","page","type-page","status-publish","hentry"],"yoast_head":"<!-- This site is optimized with the Yoast SEO plugin v25.6 - https:\/\/yoast.com\/wordpress\/plugins\/seo\/ -->\n<title>Yhteystiedot - Kehonhuoltopiste Fixme<\/title>\n<meta name=\"robots\" content=\"index, follow, max-snippet:-1, max-image-preview:large, max-video-preview:-1\" \/>\n<link rel=\"canonical\" href=\"https:\/\/uudetsivut.kehonhuoltopiste.fi\/?page_id=212\" \/>\n<meta property=\"og:locale\" content=\"fi_FI\" \/>\n<meta property=\"og:type\" content=\"article\" \/>\n<meta property=\"og:title\" content=\"Yhteystiedot - Kehonhuoltopiste Fixme\" \/>\n<meta property=\"og:description\" content=\"Kehonhuoltopiste Fixme Emalitehtaankatu 7 D LH 6-7, 04410 J\u00e4rvenp\u00e4\u00e4 Y-tunnus: 2833908-1 p. 0409649947 info(@)kehonhuoltopiste.fi Henkil\u00f6kunta Taija Durante Koulutettu hieroja p. 0409749947 taija(@)kehonhuoltopiste.fi Marita Salminen Osteopaatti p. 0440604466 marita(@)kehonhuoltopiste.fi Maarit T\u00f6lli Koulutettu hieroja p. 0505019977 maarit(@)kehonhuoltopiste.fi Satu Rapo Jalkaterapeutti p. 0405521176 satu(@)kehonhuoltopiste.fi Harri H\u00e4m\u00e4l\u00e4inen Koulutettu hieroja p. 0503712726 harri(@)kehonhuoltopiste.fi Saapuminen Hoitolamme sis\u00e4\u00e4nk\u00e4ynti on katutasossa Myllytien puolellaRead More\" \/>\n<meta property=\"og:url\" content=\"https:\/\/uudetsivut.kehonhuoltopiste.fi\/?page_id=212\" \/>\n<meta property=\"og:site_name\" content=\"Kehonhuoltopiste Fixme\" \/>\n<meta property=\"article:publisher\" content=\"https:\/\/www.facebook.com\/kehonhuoltopiste\/\" \/>\n<meta property=\"article:modified_time\" content=\"2024-09-27T20:51:31+00:00\" \/>\n<meta name=\"twitter:card\" content=\"summary_large_image\" \/>\n<meta name=\"twitter:label1\" content=\"Arvioitu lukuaika\" \/>\n\t<meta name=\"twitter:data1\" content=\"1 minuutti\" \/>\n<script type=\"application\/ld+json\" class=\"yoast-schema-graph\">{\"@context\":\"https:\/\/schema.org\",\"@graph\":[{\"@type\":\"WebPage\",\"@id\":\"https:\/\/uudetsivut.kehonhuoltopiste.fi\/?page_id=212\",\"url\":\"https:\/\/uudetsivut.kehonhuoltopiste.fi\/?page_id=212\",\"name\":\"Yhteystiedot - Kehonhuoltopiste Fixme\",\"isPartOf\":{\"@id\":\"https:\/\/uudetsivut.kehonhuoltopiste.fi\/#website\"},\"datePublished\":\"2024-09-27T20:47:51+00:00\",\"dateModified\":\"2024-09-27T20:51:31+00:00\",\"breadcrumb\":{\"@id\":\"https:\/\/uudetsivut.kehonhuoltopiste.fi\/?page_id=212#breadcrumb\"},\"inLanguage\":\"fi\",\"potentialAction\":[{\"@type\":\"ReadAction\",\"target\":[\"https:\/\/uudetsivut.kehonhuoltopiste.fi\/?page_id=212\"]}]},{\"@type\":\"BreadcrumbList\",\"@id\":\"https:\/\/uudetsivut.kehonhuoltopiste.fi\/?page_id=212#breadcrumb\",\"itemListElement\":[{\"@type\":\"ListItem\",\"position\":1,\"name\":\"Etusivu\",\"item\":\"https:\/\/uudetsivut.kehonhuoltopiste.fi\/\"},{\"@type\":\"ListItem\",\"position\":2,\"name\":\"Yhteystiedot\"}]},{\"@type\":\"WebSite\",\"@id\":\"https:\/\/uudetsivut.kehonhuoltopiste.fi\/#website\",\"url\":\"https:\/\/uudetsivut.kehonhuoltopiste.fi\/\",\"name\":\"Kehonhuoltopiste Fixme\",\"description\":\"Hieronta, osteopatia, jalkaterapia, purentalihasten hoito\",\"publisher\":{\"@id\":\"https:\/\/uudetsivut.kehonhuoltopiste.fi\/#organization\"},\"potentialAction\":[{\"@type\":\"SearchAction\",\"target\":{\"@type\":\"EntryPoint\",\"urlTemplate\":\"https:\/\/uudetsivut.kehonhuoltopiste.fi\/?s={search_term_string}\"},\"query-input\":{\"@type\":\"PropertyValueSpecification\",\"valueRequired\":true,\"valueName\":\"search_term_string\"}}],\"inLanguage\":\"fi\"},{\"@type\":\"Organization\",\"@id\":\"https:\/\/uudetsivut.kehonhuoltopiste.fi\/#organization\",\"name\":\"Kehonhuoltopiste Fixme\",\"url\":\"https:\/\/uudetsivut.kehonhuoltopiste.fi\/\",\"logo\":{\"@type\":\"ImageObject\",\"inLanguage\":\"fi\",\"@id\":\"https:\/\/uudetsivut.kehonhuoltopiste.fi\/#\/schema\/logo\/image\/\",\"url\":\"https:\/\/uudetsivut.kehonhuoltopiste.fi\/wp-content\/uploads\/2024\/09\/Fixme_tummaharmaa_valkoinen-e1559033632965.png\",\"contentUrl\":\"https:\/\/uudetsivut.kehonhuoltopiste.fi\/wp-content\/uploads\/2024\/09\/Fixme_tummaharmaa_valkoinen-e1559033632965.png\",\"width\":150,\"height\":150,\"caption\":\"Kehonhuoltopiste Fixme\"},\"image\":{\"@id\":\"https:\/\/uudetsivut.kehonhuoltopiste.fi\/#\/schema\/logo\/image\/\"},\"sameAs\":[\"https:\/\/www.facebook.com\/kehonhuoltopiste\/\",\"https:\/\/www.instagram.com\/kehonhuoltopistefixme\/\"]}]}<\/script>\n<!-- \/ Yoast SEO plugin. -->","yoast_head_json":{"title":"Yhteystiedot - Kehonhuoltopiste Fixme","robots":{"index":"index","follow":"follow","max-snippet":"max-snippet:-1","max-image-preview":"max-image-preview:large","max-video-preview":"max-video-preview:-1"},"canonical":"https:\/\/uudetsivut.kehonhuoltopiste.fi\/?page_id=212","og_locale":"fi_FI","og_type":"article","og_title":"Yhteystiedot - Kehonhuoltopiste Fixme","og_description":"Kehonhuoltopiste Fixme Emalitehtaankatu 7 D LH 6-7, 04410 J\u00e4rvenp\u00e4\u00e4 Y-tunnus: 2833908-1 p. 0409649947 info(@)kehonhuoltopiste.fi Henkil\u00f6kunta Taija Durante Koulutettu hieroja p. 0409749947 taija(@)kehonhuoltopiste.fi Marita Salminen Osteopaatti p. 0440604466 marita(@)kehonhuoltopiste.fi Maarit T\u00f6lli Koulutettu hieroja p. 0505019977 maarit(@)kehonhuoltopiste.fi Satu Rapo Jalkaterapeutti p. 0405521176 satu(@)kehonhuoltopiste.fi Harri H\u00e4m\u00e4l\u00e4inen Koulutettu hieroja p. 0503712726 harri(@)kehonhuoltopiste.fi Saapuminen Hoitolamme sis\u00e4\u00e4nk\u00e4ynti on katutasossa Myllytien puolellaRead More","og_url":"https:\/\/uudetsivut.kehonhuoltopiste.fi\/?page_id=212","og_site_name":"Kehonhuoltopiste Fixme","article_publisher":"https:\/\/www.facebook.com\/kehonhuoltopiste\/","article_modified_time":"2024-09-27T20:51:31+00:00","twitter_card":"summary_large_image","twitter_misc":{"Arvioitu lukuaika":"1 minuutti"},"schema":{"@context":"https:\/\/schema.org","@graph":[{"@type":"WebPage","@id":"https:\/\/uudetsivut.kehonhuoltopiste.fi\/?page_id=212","url":"https:\/\/uudetsivut.kehonhuoltopiste.fi\/?page_id=212","name":"Yhteystiedot - Kehonhuoltopiste Fixme","isPartOf":{"@id":"https:\/\/uudetsivut.kehonhuoltopiste.fi\/#website"},"datePublished":"2024-09-27T20:47:51+00:00","dateModified":"2024-09-27T20:51:31+00:00","breadcrumb":{"@id":"https:\/\/uudetsivut.kehonhuoltopiste.fi\/?page_id=212#breadcrumb"},"inLanguage":"fi","potentialAction":[{"@type":"ReadAction","target":["https:\/\/uudetsivut.kehonhuoltopiste.fi\/?page_id=212"]}]},{"@type":"BreadcrumbList","@id":"https:\/\/uudetsivut.kehonhuoltopiste.fi\/?page_id=212#breadcrumb","itemListElement":[{"@type":"ListItem","position":1,"name":"Etusivu","item":"https:\/\/uudetsivut.kehonhuoltopiste.fi\/"},{"@type":"ListItem","position":2,"name":"Yhteystiedot"}]},{"@type":"WebSite","@id":"https:\/\/uudetsivut.kehonhuoltopiste.fi\/#website","url":"https:\/\/uudetsivut.kehonhuoltopiste.fi\/","name":"Kehonhuoltopiste Fixme","description":"Hieronta, osteopatia, jalkaterapia, purentalihasten hoito","publisher":{"@id":"https:\/\/uudetsivut.kehonhuoltopiste.fi\/#organization"},"potentialAction":[{"@type":"SearchAction","target":{"@type":"EntryPoint","urlTemplate":"https:\/\/uudetsivut.kehonhuoltopiste.fi\/?s={search_term_string}"},"query-input":{"@type":"PropertyValueSpecification","valueRequired":true,"valueName":"search_term_string"}}],"inLanguage":"fi"},{"@type":"Organization","@id":"https:\/\/uudetsivut.kehonhuoltopiste.fi\/#organization","name":"Kehonhuoltopiste Fixme","url":"https:\/\/uudetsivut.kehonhuoltopiste.fi\/","logo":{"@type":"ImageObject","inLanguage":"fi","@id":"https:\/\/uudetsivut.kehonhuoltopiste.fi\/#\/schema\/logo\/image\/","url":"https:\/\/uudetsivut.kehonhuoltopiste.fi\/wp-content\/uploads\/2024\/09\/Fixme_tummaharmaa_valkoinen-e1559033632965.png","contentUrl":"https:\/\/uudetsivut.kehonhuoltopiste.fi\/wp-content\/uploads\/2024\/09\/Fixme_tummaharmaa_valkoinen-e1559033632965.png","width":150,"height":150,"caption":"Kehonhuoltopiste Fixme"},"image":{"@id":"https:\/\/uudetsivut.kehonhuoltopiste.fi\/#\/schema\/logo\/image\/"},"sameAs":["https:\/\/www.facebook.com\/kehonhuoltopiste\/","https:\/\/www.instagram.com\/kehonhuoltopistefixme\/"]}]}},"_links":{"self":[{"href":"https:\/\/uudetsivut.kehonhuoltopiste.fi\/index.php?rest_route=\/wp\/v2\/pages\/212"}],"collection":[{"href":"https:\/\/uudetsivut.kehonhuoltopiste.fi\/index.php?rest_route=\/wp\/v2\/pages"}],"about":[{"href":"https:\/\/uudetsivut.kehonhuoltopiste.fi\/index.php?rest_route=\/wp\/v2\/types\/page"}],"author":[{"embeddable":true,"href":"https:\/\/uudetsivut.kehonhuoltopiste.fi\/index.php?rest_route=\/wp\/v2\/users\/1"}],"replies":[{"embeddable":true,"href":"https:\/\/uudetsivut.kehonhuoltopiste.fi\/index.php?rest_route=%2Fwp%2Fv2%2Fcomments&post=212"}],"version-history":[{"count":9,"href":"https:\/\/uudetsivut.kehonhuoltopiste.fi\/index.php?rest_route=\/wp\/v2\/pages\/212\/revisions"}],"predecessor-version":[{"id":222,"href":"https:\/\/uudetsivut.kehonhuoltopiste.fi\/index.php?rest_route=\/wp\/v2\/pages\/212\/revisions\/222"}],"wp:attachment":[{"href":"https:\/\/uudetsivut.kehonhuoltopiste.fi\/index.php?rest_route=%2Fwp%2Fv2%2Fmedia&parent=212"}],"curies":[{"name":"wp","href":"https:\/\/api.w.org\/{rel}","templated":true}]}}