{"id":17,"date":"2021-10-29T18:48:48","date_gmt":"2021-10-29T18:48:48","guid":{"rendered":"http:\/\/uudetsivut.kehonhuoltopiste.fi\/?page_id=17"},"modified":"2024-09-25T21:14:17","modified_gmt":"2024-09-25T21:14:17","slug":"ajanvaraus-2","status":"publish","type":"page","link":"https:\/\/uudetsivut.kehonhuoltopiste.fi\/?page_id=17","title":{"rendered":"Ajanvaraus"},"content":{"rendered":"<h2 class=\"wp-block-heading\">Tervetuloa kehonhuoltoon!<\/h2><p class=\"has-text-align-left\" id=\"ajanvaraus\">Parhaiten saat varattua ajan alla olevasta ajanvarauspalvelustamme. Voit tiedustella aikoja my\u00f6s suoraan hoitajilta, mik\u00e4li et l\u00f6yd\u00e4 itsellesi sopivaa aikaa. Yhteystietomme l\u00f6yd\u00e4t kohdasta <a href=\"http:\/\/uudetsivut.kehonhuoltopiste.fi\/?page_id=21\" data-type=\"page\" data-id=\"21\">yhteystiedot<\/a>.<\/p><p>Eth\u00e4n tule vastaanotolle mik\u00e4li olet kipe\u00e4, alkoholin vaikutuksen alaisena tai krapulassa.<\/p><p>Peruuttamattomasta ajasta veloitamme 100% varatun&nbsp;<a href=\"https:\/\/www.kehonhuoltopiste.fi\/hinnasto\/\">hoidon hinnasta<\/a>, mik\u00e4li aikaa ei peruta viimeist\u00e4\u00e4n 24 tuntia ennen hoidon alkua. Ajan voit perua varausvahvistuksessa olevan linkin kautta tai ottamalla suoraan yhteytt\u00e4 henkil\u00f6\u00f6n, jolle olit menossa hoitoon. <\/p><p><\/p><div id=\"nettivaraus6-container\"><\/div>\n<script type=\"text\/javascript\" src=\"https:\/\/nettivaraus6.ajas.fi\/scripts\/iframe-embed.php?lid=5b0cbffbba44&#038;lang=fi\"><\/script>","protected":false},"excerpt":{"rendered":"<p>Tervetuloa kehonhuoltoon! Parhaiten saat varattua ajan alla olevasta ajanvarauspalvelustamme. Voit tiedustella aikoja my\u00f6s suoraan hoitajilta, mik\u00e4li et l\u00f6yd\u00e4 itsellesi sopivaa aikaa. Yhteystietomme l\u00f6yd\u00e4t kohdasta yhteystiedot. Eth\u00e4n tule vastaanotolle mik\u00e4li olet kipe\u00e4, alkoholin vaikutuksen alaisena tai krapulassa. Peruuttamattomasta ajasta veloitamme 100% varatun&nbsp;hoidon hinnasta, mik\u00e4li aikaa ei peruta viimeist\u00e4\u00e4n 24 tuntia ennen hoidon alkua. Ajan voit perua<br \/><a class=\"btn btn-tislider blog-readmore\" href=\"https:\/\/uudetsivut.kehonhuoltopiste.fi\/?page_id=17\">Read More<\/a><\/p>\n","protected":false},"author":1,"featured_media":0,"parent":0,"menu_order":0,"comment_status":"closed","ping_status":"closed","template":"","meta":{"footnotes":""},"class_list":["post-17","page","type-page","status-publish","hentry"],"yoast_head":"<!-- This site is optimized with the Yoast SEO plugin v25.6 - https:\/\/yoast.com\/wordpress\/plugins\/seo\/ -->\n<title>Ajanvaraus - Kehonhuoltopiste Fixme<\/title>\n<meta name=\"robots\" content=\"index, follow, max-snippet:-1, max-image-preview:large, max-video-preview:-1\" \/>\n<link rel=\"canonical\" href=\"https:\/\/uudetsivut.kehonhuoltopiste.fi\/?page_id=17\" \/>\n<meta property=\"og:locale\" content=\"fi_FI\" \/>\n<meta property=\"og:type\" content=\"article\" \/>\n<meta property=\"og:title\" content=\"Ajanvaraus - Kehonhuoltopiste Fixme\" \/>\n<meta property=\"og:description\" content=\"Tervetuloa kehonhuoltoon! Parhaiten saat varattua ajan alla olevasta ajanvarauspalvelustamme. Voit tiedustella aikoja my\u00f6s suoraan hoitajilta, mik\u00e4li et l\u00f6yd\u00e4 itsellesi sopivaa aikaa. Yhteystietomme l\u00f6yd\u00e4t kohdasta yhteystiedot. Eth\u00e4n tule vastaanotolle mik\u00e4li olet kipe\u00e4, alkoholin vaikutuksen alaisena tai krapulassa. Peruuttamattomasta ajasta veloitamme 100% varatun&nbsp;hoidon hinnasta, mik\u00e4li aikaa ei peruta viimeist\u00e4\u00e4n 24 tuntia ennen hoidon alkua. Ajan voit peruaRead More\" \/>\n<meta property=\"og:url\" content=\"https:\/\/uudetsivut.kehonhuoltopiste.fi\/?page_id=17\" \/>\n<meta property=\"og:site_name\" content=\"Kehonhuoltopiste Fixme\" \/>\n<meta property=\"article:publisher\" content=\"https:\/\/www.facebook.com\/kehonhuoltopiste\/\" \/>\n<meta property=\"article:modified_time\" content=\"2024-09-25T21:14:17+00:00\" \/>\n<meta name=\"twitter:card\" content=\"summary_large_image\" \/>\n<script type=\"application\/ld+json\" class=\"yoast-schema-graph\">{\"@context\":\"https:\/\/schema.org\",\"@graph\":[{\"@type\":\"WebPage\",\"@id\":\"https:\/\/uudetsivut.kehonhuoltopiste.fi\/?page_id=17\",\"url\":\"https:\/\/uudetsivut.kehonhuoltopiste.fi\/?page_id=17\",\"name\":\"Ajanvaraus - Kehonhuoltopiste Fixme\",\"isPartOf\":{\"@id\":\"https:\/\/uudetsivut.kehonhuoltopiste.fi\/#website\"},\"datePublished\":\"2021-10-29T18:48:48+00:00\",\"dateModified\":\"2024-09-25T21:14:17+00:00\",\"breadcrumb\":{\"@id\":\"https:\/\/uudetsivut.kehonhuoltopiste.fi\/?page_id=17#breadcrumb\"},\"inLanguage\":\"fi\",\"potentialAction\":[{\"@type\":\"ReadAction\",\"target\":[\"https:\/\/uudetsivut.kehonhuoltopiste.fi\/?page_id=17\"]}]},{\"@type\":\"BreadcrumbList\",\"@id\":\"https:\/\/uudetsivut.kehonhuoltopiste.fi\/?page_id=17#breadcrumb\",\"itemListElement\":[{\"@type\":\"ListItem\",\"position\":1,\"name\":\"Etusivu\",\"item\":\"https:\/\/uudetsivut.kehonhuoltopiste.fi\/\"},{\"@type\":\"ListItem\",\"position\":2,\"name\":\"Ajanvaraus\"}]},{\"@type\":\"WebSite\",\"@id\":\"https:\/\/uudetsivut.kehonhuoltopiste.fi\/#website\",\"url\":\"https:\/\/uudetsivut.kehonhuoltopiste.fi\/\",\"name\":\"Kehonhuoltopiste Fixme\",\"description\":\"Hieronta, osteopatia, jalkaterapia, purentalihasten hoito\",\"publisher\":{\"@id\":\"https:\/\/uudetsivut.kehonhuoltopiste.fi\/#organization\"},\"potentialAction\":[{\"@type\":\"SearchAction\",\"target\":{\"@type\":\"EntryPoint\",\"urlTemplate\":\"https:\/\/uudetsivut.kehonhuoltopiste.fi\/?s={search_term_string}\"},\"query-input\":{\"@type\":\"PropertyValueSpecification\",\"valueRequired\":true,\"valueName\":\"search_term_string\"}}],\"inLanguage\":\"fi\"},{\"@type\":\"Organization\",\"@id\":\"https:\/\/uudetsivut.kehonhuoltopiste.fi\/#organization\",\"name\":\"Kehonhuoltopiste Fixme\",\"url\":\"https:\/\/uudetsivut.kehonhuoltopiste.fi\/\",\"logo\":{\"@type\":\"ImageObject\",\"inLanguage\":\"fi\",\"@id\":\"https:\/\/uudetsivut.kehonhuoltopiste.fi\/#\/schema\/logo\/image\/\",\"url\":\"https:\/\/uudetsivut.kehonhuoltopiste.fi\/wp-content\/uploads\/2024\/09\/Fixme_tummaharmaa_valkoinen-e1559033632965.png\",\"contentUrl\":\"https:\/\/uudetsivut.kehonhuoltopiste.fi\/wp-content\/uploads\/2024\/09\/Fixme_tummaharmaa_valkoinen-e1559033632965.png\",\"width\":150,\"height\":150,\"caption\":\"Kehonhuoltopiste Fixme\"},\"image\":{\"@id\":\"https:\/\/uudetsivut.kehonhuoltopiste.fi\/#\/schema\/logo\/image\/\"},\"sameAs\":[\"https:\/\/www.facebook.com\/kehonhuoltopiste\/\",\"https:\/\/www.instagram.com\/kehonhuoltopistefixme\/\"]}]}<\/script>\n<!-- \/ Yoast SEO plugin. -->","yoast_head_json":{"title":"Ajanvaraus - Kehonhuoltopiste Fixme","robots":{"index":"index","follow":"follow","max-snippet":"max-snippet:-1","max-image-preview":"max-image-preview:large","max-video-preview":"max-video-preview:-1"},"canonical":"https:\/\/uudetsivut.kehonhuoltopiste.fi\/?page_id=17","og_locale":"fi_FI","og_type":"article","og_title":"Ajanvaraus - Kehonhuoltopiste Fixme","og_description":"Tervetuloa kehonhuoltoon! Parhaiten saat varattua ajan alla olevasta ajanvarauspalvelustamme. Voit tiedustella aikoja my\u00f6s suoraan hoitajilta, mik\u00e4li et l\u00f6yd\u00e4 itsellesi sopivaa aikaa. Yhteystietomme l\u00f6yd\u00e4t kohdasta yhteystiedot. Eth\u00e4n tule vastaanotolle mik\u00e4li olet kipe\u00e4, alkoholin vaikutuksen alaisena tai krapulassa. Peruuttamattomasta ajasta veloitamme 100% varatun&nbsp;hoidon hinnasta, mik\u00e4li aikaa ei peruta viimeist\u00e4\u00e4n 24 tuntia ennen hoidon alkua. Ajan voit peruaRead More","og_url":"https:\/\/uudetsivut.kehonhuoltopiste.fi\/?page_id=17","og_site_name":"Kehonhuoltopiste Fixme","article_publisher":"https:\/\/www.facebook.com\/kehonhuoltopiste\/","article_modified_time":"2024-09-25T21:14:17+00:00","twitter_card":"summary_large_image","schema":{"@context":"https:\/\/schema.org","@graph":[{"@type":"WebPage","@id":"https:\/\/uudetsivut.kehonhuoltopiste.fi\/?page_id=17","url":"https:\/\/uudetsivut.kehonhuoltopiste.fi\/?page_id=17","name":"Ajanvaraus - Kehonhuoltopiste Fixme","isPartOf":{"@id":"https:\/\/uudetsivut.kehonhuoltopiste.fi\/#website"},"datePublished":"2021-10-29T18:48:48+00:00","dateModified":"2024-09-25T21:14:17+00:00","breadcrumb":{"@id":"https:\/\/uudetsivut.kehonhuoltopiste.fi\/?page_id=17#breadcrumb"},"inLanguage":"fi","potentialAction":[{"@type":"ReadAction","target":["https:\/\/uudetsivut.kehonhuoltopiste.fi\/?page_id=17"]}]},{"@type":"BreadcrumbList","@id":"https:\/\/uudetsivut.kehonhuoltopiste.fi\/?page_id=17#breadcrumb","itemListElement":[{"@type":"ListItem","position":1,"name":"Etusivu","item":"https:\/\/uudetsivut.kehonhuoltopiste.fi\/"},{"@type":"ListItem","position":2,"name":"Ajanvaraus"}]},{"@type":"WebSite","@id":"https:\/\/uudetsivut.kehonhuoltopiste.fi\/#website","url":"https:\/\/uudetsivut.kehonhuoltopiste.fi\/","name":"Kehonhuoltopiste Fixme","description":"Hieronta, osteopatia, jalkaterapia, purentalihasten hoito","publisher":{"@id":"https:\/\/uudetsivut.kehonhuoltopiste.fi\/#organization"},"potentialAction":[{"@type":"SearchAction","target":{"@type":"EntryPoint","urlTemplate":"https:\/\/uudetsivut.kehonhuoltopiste.fi\/?s={search_term_string}"},"query-input":{"@type":"PropertyValueSpecification","valueRequired":true,"valueName":"search_term_string"}}],"inLanguage":"fi"},{"@type":"Organization","@id":"https:\/\/uudetsivut.kehonhuoltopiste.fi\/#organization","name":"Kehonhuoltopiste Fixme","url":"https:\/\/uudetsivut.kehonhuoltopiste.fi\/","logo":{"@type":"ImageObject","inLanguage":"fi","@id":"https:\/\/uudetsivut.kehonhuoltopiste.fi\/#\/schema\/logo\/image\/","url":"https:\/\/uudetsivut.kehonhuoltopiste.fi\/wp-content\/uploads\/2024\/09\/Fixme_tummaharmaa_valkoinen-e1559033632965.png","contentUrl":"https:\/\/uudetsivut.kehonhuoltopiste.fi\/wp-content\/uploads\/2024\/09\/Fixme_tummaharmaa_valkoinen-e1559033632965.png","width":150,"height":150,"caption":"Kehonhuoltopiste Fixme"},"image":{"@id":"https:\/\/uudetsivut.kehonhuoltopiste.fi\/#\/schema\/logo\/image\/"},"sameAs":["https:\/\/www.facebook.com\/kehonhuoltopiste\/","https:\/\/www.instagram.com\/kehonhuoltopistefixme\/"]}]}},"_links":{"self":[{"href":"https:\/\/uudetsivut.kehonhuoltopiste.fi\/index.php?rest_route=\/wp\/v2\/pages\/17"}],"collection":[{"href":"https:\/\/uudetsivut.kehonhuoltopiste.fi\/index.php?rest_route=\/wp\/v2\/pages"}],"about":[{"href":"https:\/\/uudetsivut.kehonhuoltopiste.fi\/index.php?rest_route=\/wp\/v2\/types\/page"}],"author":[{"embeddable":true,"href":"https:\/\/uudetsivut.kehonhuoltopiste.fi\/index.php?rest_route=\/wp\/v2\/users\/1"}],"replies":[{"embeddable":true,"href":"https:\/\/uudetsivut.kehonhuoltopiste.fi\/index.php?rest_route=%2Fwp%2Fv2%2Fcomments&post=17"}],"version-history":[{"count":7,"href":"https:\/\/uudetsivut.kehonhuoltopiste.fi\/index.php?rest_route=\/wp\/v2\/pages\/17\/revisions"}],"predecessor-version":[{"id":135,"href":"https:\/\/uudetsivut.kehonhuoltopiste.fi\/index.php?rest_route=\/wp\/v2\/pages\/17\/revisions\/135"}],"wp:attachment":[{"href":"https:\/\/uudetsivut.kehonhuoltopiste.fi\/index.php?rest_route=%2Fwp%2Fv2%2Fmedia&parent=17"}],"curies":[{"name":"wp","href":"https:\/\/api.w.org\/{rel}","templated":true}]}}